ppose -5 + 20 = 5*a. Suppose -39 = -a*h + 24. What is the greatest common factor of 84 and h?
21
Let l(b) = -b**2 - b + 5. Let o be l(0). Let d = 37 - o. What is the greatest common factor of 4 and d?
4
Let t(u) = -u**3 - 5*u**2 - u - 7. Let p be t(-5). Let c be 33*((-8)/p + -1). What is the highest common divisor of 11 and c?
11
Let v = 4 - -6. What is the highest common divisor of 10 and v?
10
Suppose -120 = -3*n - 2*n + 5*a, 4*a = n - 12. Suppose k = 2*k - 14. Calculate the greatest common factor of k and n.
14
Suppose -5 - 15 = -p. What is the highest common factor of p and 20?
20
Let p be (5/(-25) + -1)/((-3)/80). Calculate the highest common factor of p and 2.
2
Let r be (1 - 2/2) + 9. Let f be -11 + (-2 + 8 - 3). Let p = 17 + f. What is the greatest common divisor of p and r?
9
Let f(v) = v**2 + v + 4. Let x be (-3)/(-6)*-1*12. Let b = 3 + x. Let w be f(b). What is the highest common factor of w and 4?
2
Let z(c) = c + 3. Let r = 3 - 3. Let v be z(r). Suppose -u = v*h + 2*h - 180, 3*u = 0. What is the highest common divisor of h and 12?
12
Suppose -10*j + 755 = 255. Calculate the greatest common factor of j and 30.
10
Suppose 2 = 2*y - 16. What is the greatest common divisor of 27 and y?
9
Let p(m) = -m**2 + 2*m**2 + 3*m - 4 + 1. Let k be p(-5). Let v(w) = 38*w + 1. Let y be v(2). Calculate the greatest common divisor of k and y.
7
Suppose 3*v + 2*i - 74 = 0, v + 2*v = 3*i + 54. Calculate the greatest common factor of 22 and v.
22
Suppose -8 = -2*w + 12. What is the highest common divisor of w and 2?
2
Suppose 4*d = d + 54. Let k = d - -32. What is the highest common divisor of 20 and k?
10
Suppose 0 = -3*f - 4*j + 60, 2*f = 3*j - 5*j + 42. Let c = -87 + 123. Calculate the greatest common factor of c and f.
12
Suppose 25*v = 21*v + 84. Let p = 35 + -14. What is the greatest common divisor of v and p?
21
Let g(v) = 60*v. Let i be g(1). Suppose i = -q + 2*q. Let f be (-24)/(-30) + 96/5. What is the greatest common factor of f and q?
20
Let k(n) = n**2 + 2*n + 1. Let b be k(-4). Let t be (3/b)/(3/126). Let z = 207 + -53. What is the greatest common factor of z and t?
14
Suppose -u + 1 = -0. What is the greatest common divisor of 9 and u?
1
Let k = 114 - 64. Suppose 4*z - 63 = 3*r, -5*z + 0 = 2*r - k. What is the greatest common factor of z and 84?
12
Let q(a) = -19*a + 8. Let i be q(-4). Calculate the highest common divisor of 12 and i.
12
Let y = -4 + 4. Suppose y = -3*h - 0*h + 78. What is the highest common divisor of 39 and h?
13
Let w(d) = 59*d - 30. Let j be w(6). What is the highest common divisor of 36 and j?
36
Suppose 5*c - 120 = 180. Suppose -c = -0*b - 2*b. Calculate the greatest common factor of b and 12.
6
Suppose 23 = -4*m + 59. What is the greatest common factor of m and 9?
9
Suppose 0*k + 6*k = 216. What is the highest common factor of k and 108?
36
Let s(a) = a**3 - 6*a**2 + 7*a + 3. Let f be s(6). What is the greatest common divisor of f and 15?
15
Suppose -w + 3 = -0. Let v be 2/w - (-48)/36. Let t = 3 - -1. Calculate the greatest common factor of t and v.
2
Suppose -h - 4 = -24. Let c(j) = -29*j**3 + 2*j**2 + 2*j + 1. Let o be c(-1). What is the highest common factor of o and h?
10
Let t be 9/12 + (-117)/(-4). What is the highest common divisor of t and 75?
15
Suppose -1 = 2*t - 3, 3*t - 583 = -5*u. What is the highest common factor of 29 and u?
29
Let r be 15/20 + (-17)/(-4). What is the greatest common divisor of r and 55?
5
Let c(g) = 2*g**2 - 3*g - 2. Let p be c(-1). Calculate the highest common divisor of 3 and p.
3
Let s = -26 - -39. Suppose -p = -5*r - 84, 0 = -3*p + 5*r + 176 + 116. What is the highest common divisor of p and s?
13
Let w(y) = y**3 + 3*y**2 - 5*y - 2. Let a be w(-4). Suppose 0*x - a*x + 26 = 0. What is the greatest common divisor of x and 52?
13
Suppose -4 = -w + 5*k, 5*k = -4*w + 4*k - 26. Let g(d) = -2*d. Let y be g(w). Calculate the highest common factor of y and 12.
12
Let q = 13 - 10. Suppose 0 = q*v - 38 - 106. What is the greatest common factor of 16 and v?
16
Let h(a) = -a**2 - 3*a + 1. Let q be h(-2). Let r(u) = 7 + u + q + 9*u**3 - 8*u**3 - 8*u**2. Let f be r(8). What is the highest common divisor of f and 45?
9
Let k be 6/(-27) - 40/(-18). Suppose -k*g + 468 = 2*g. What is the highest common divisor of g and 13?
13
Let m = 76 - -36. Let i be 2 + (-2)/(6/(-21)). Suppose -j + 5*t + i = -0*j, 25 = 2*j - 3*t. What is the greatest common factor of j and m?
14
Let q = 50 + -23. What is the greatest common factor of q and 297?
27
Suppose -387 = -23*b + 20*b. Calculate the highest common divisor of b and 43.
43
Let z(q) = 452*q**2 - 7*q + 3. Let d(b) = -301*b**2 + 5*b - 2. Let t(k) = 7*d(k) + 5*z(k). Let s be t(-1). Calculate the highest common factor of 14 and s.
14
Let u be 7 + (16/4)/(-4). Let w = -10 + 19. Let g = w - 6. What is the highest common divisor of u and g?
3
Let w be (45/(-4))/((-9)/48). What is the highest common factor of w and 20?
20
Suppose 4 + 2 = -2*v. Let z = v - 6. Let r = z - -19. What is the highest common factor of r and 10?
10
Suppose -4*c = 2*j - j - 4, -3*j + 28 = 4*c. Suppose 17 = -2*n + 77. What is the highest common factor of n and j?
6
Let n = 53 - 25. Suppose 8*j + 3*r = 3*j + 70, -r = -3*j + 42. Calculate the greatest common divisor of j and n.
14
Let x(i) = 2*i**2 - i + 2. Let q be x(1). Calculate the greatest common factor of 9 and q.
3
Suppose -5*c - 2*o = -115, -16 = c - 2*c + o. Calculate the greatest common divisor of c and 14.
7
Suppose n + 15 = 4*n. Suppose 2*w - 273 = -2*w + 5*v, -357 = -n*w + v. What is the highest common divisor of 9 and w?
9
Let p be -2 - (-30 + 0/2). Suppose 3*i - 8*i + p = 2*a, 0 = 4*i - 5*a + 4. Calculate the highest common divisor of 24 and i.
4
Let q be (-2172)/(-20) - 3/5. What is the greatest common factor of q and 12?
12
Suppose -4*v - 2*n = 174, 3*n = -4*v - 75 - 94. Let q be v/(-4) + (-1)/2. What is the highest common factor of 11 and q?
11
Let g(j) = -j**3 + 6*j**2 - 4*j - 5. Let b be g(4). Let o = 113 - 91. What is the highest common factor of b and o?
11
Let p(z) = -29*z - 216. Let x be p(-8). Let a = 29 + -21. What is the greatest common factor of x and a?
8
Suppose 2*r = -2*r - 4*a + 268, 4*r = 4*a + 292. Let w = 13 + -6. What is the greatest common factor of w and r?
7
Suppose -5*a + 2*d = 5, -3*a + d = -d + 7. What is the greatest common divisor of a and 4?
1
Suppose 0*r = -4*r. Suppose r*y = -2*y + 18. Let s be ((-78)/y)/(2/(-3)). What is the highest common factor of s and 13?
13
Suppose 3*i - 6 = -2*p, -3*i + 3*p = -0*p - 21. Calculate the highest common divisor of 4 and i.
4
Let u(t) be the first derivative of -t**3/3 + 5*t**2 - 7*t - 2. Let q be u(6). Let b be 2/9 - (-2750)/18. What is the greatest common factor of b and q?
17
Let l(k) = -k**3 - k**2 + 9*k + 4. Let i be l(-4). Calculate the highest common divisor of i and 40.
8
Let f(k) = -5*k + 1. Let j be f(-6). Calculate the highest common factor of 62 and j.
31
Suppose -5*s + 1 = -3*q - 15, 3*q + 14 = 4*s. Let o be 42/q*(-7)/21. Suppose -t - 35 = -2*t. Calculate the highest common factor of t and o.
7
Suppose 11*a + 112 = 15*a. What is the highest common divisor of 112 and a?
28
Let x be (-4)/14 - (-1000)/70. Let c be x*(-2)/(8/(-4)). Suppose 0 = 4*i, -5*i - 152 + 12 = -2*d. Calculate the greatest common divisor of c and d.
14
Let p be ((-60)/(-7))/((-3)/(-42)). Calculate the highest common divisor of 30 and p.
30
Let i = -2 - -22. Let o be i - -1*(5 + -2). What is the highest common divisor of o and 46?
23
Let z be 1/(1/4)*22. What is the highest common factor of 8 and z?
8
Let c be (2/(-3))/((-2)/51). What is the greatest common divisor of c and 34?
17
Let i be 1 - ((-4)/4)/1. Calculate the highest common factor of i and 4.
2
Suppose 3*y + u = 5*u + 81, y = -4*u + 43. Suppose 4*q = y + 33. Calculate the highest common factor of 144 and q.
16
Let k be (-2)/((-3)/(-6)*-2). Let h be k + 4 - 12/(-4). Let y(b) = 21*b**2 - 2*b + 1. Let u be y(2). Calculate the highest common factor of u and h.
9
Let p(n) = -n + 6. Let y be p(8). Let l be (-5)/((3 + y)/(-5)). Suppose -5*q = -15 - l. What is the greatest common factor of q and 8?
8
Let t(u) = -4*u + 3. Let d(n) = -77*n + 56. Let f(j) = -3*d(j) + 56*t(j). Let g be f(1). Suppose -g - 4 = -z. Calculate the gr